{"id":475,"date":"2023-06-30T21:55:44","date_gmt":"2023-06-30T21:55:44","guid":{"rendered":"https:\/\/BockAufFotos.de\/?page_id=475"},"modified":"2023-06-30T22:02:37","modified_gmt":"2023-06-30T22:02:37","slug":"klassischer-akt","status":"publish","type":"page","link":"https:\/\/BockAufFotos.de\/?page_id=475","title":{"rendered":"Klassischer Akt"},"content":{"rendered":"<p>Die Aktfotografie von Frauen ist eine Kunstform, die die nat\u00fcrliche Sch\u00f6nheit und Sinnlichkeit des weiblichen K\u00f6rpers einf\u00e4ngt und feiert. Jeder Schuss zeigt eine Frau in ihrer vollst\u00e4ndigen Sch\u00f6nheit, sei es durch das Spiel mit Licht und Schatten, den Einsatz von Farben und Texturen oder die Wahl der Hintergr\u00fcnde und Requisiten.<\/p>\n<p>Die Aktfotografie geht \u00fcber das reine Zeigen von nackter Haut hinaus. Es geht darum, die nat\u00fcrliche Sch\u00f6nheit und das Selbstbewusstsein einer Frau zu betonen und zu st\u00e4rken, indem man ihren K\u00f6rper als Kunstwerk pr\u00e4sentiert. Die Fotografen schaffen eine entspannte und angenehme Atmosph\u00e4re, um das Modell zu ermutigen, sich selbst zu sein und sich wohl zu f\u00fchlen.<\/p>\n<p>Die Aktfotografie kann dazu beitragen, das Selbstbewusstsein und die Selbstliebe der Frauen zu st\u00e4rken, indem sie ihnen hilft, ihre nat\u00fcrliche Sch\u00f6nheit zu sch\u00e4tzen und sich selbst zu akzeptieren. Es geht darum, den weiblichen K\u00f6rper in all seinen Formen und Gr\u00f6\u00dfen zu w\u00fcrdigen und zu feiern.<\/p>\n<p>Die Aktfotografie kann auch dazu beitragen, die Kunstfotografie zu erweitern, indem sie die menschliche Sch\u00f6nheit in all ihren Formen und Farben zeigt. Es geht darum, Frauen jeden Alters, jeder Herkunft und jeder Gr\u00f6\u00dfe zu w\u00fcrdigen und ihre Sch\u00f6nheit zu feiern.<\/p>\n<p>Insgesamt ist die Aktfotografie von Frauen eine aufregende und faszinierende Kunstform, die dazu beitr\u00e4gt, die Sch\u00f6nheit, Sinnlichkeit und Einzigartigkeit des weiblichen K\u00f6rpers zu feiern. Es geht darum, Frauen zu ermutigen, sich selbst zu lieben und ihre nat\u00fcrliche Sch\u00f6nheit zu sch\u00e4tzen, indem sie ihre K\u00f6rper als Kunstwerke pr\u00e4sentieren.<\/p>\nngg_shortcode_0_placeholder\n","protected":false},"excerpt":{"rendered":"<p>Die Aktfotografie von Frauen ist eine Kunstform, die die nat\u00fcrliche Sch\u00f6nheit und Sinnlichkeit des weiblichen K\u00f6rpers einf\u00e4ngt und feiert. Jeder Schuss zeigt eine Frau in ihrer vollst\u00e4ndigen Sch\u00f6nheit, sei es durch das Spiel mit Licht und Schatten, den Einsatz von Farben und Texturen oder die Wahl der Hintergr\u00fcnde und Requisiten. Die Aktfotografie geht \u00fcber das [&hellip;]<\/p>\n","protected":false},"author":1,"featured_media":214,"parent":94,"menu_order":0,"comment_status":"closed","ping_status":"closed","template":"","meta":{"ngg_post_thumbnail":0,"footnotes":""},"class_list":["post-475","page","type-page","status-publish","has-post-thumbnail","hentry"],"_links":{"self":[{"href":"https:\/\/BockAufFotos.de\/index.php?rest_route=\/wp\/v2\/pages\/475","targetHints":{"allow":["GET"]}}],"collection":[{"href":"https:\/\/BockAufFotos.de\/index.php?rest_route=\/wp\/v2\/pages"}],"about":[{"href":"https:\/\/BockAufFotos.de\/index.php?rest_route=\/wp\/v2\/types\/page"}],"author":[{"embeddable":true,"href":"https:\/\/BockAufFotos.de\/index.php?rest_route=\/wp\/v2\/users\/1"}],"replies":[{"embeddable":true,"href":"https:\/\/BockAufFotos.de\/index.php?rest_route=%2Fwp%2Fv2%2Fcomments&post=475"}],"version-history":[{"count":2,"href":"https:\/\/BockAufFotos.de\/index.php?rest_route=\/wp\/v2\/pages\/475\/revisions"}],"predecessor-version":[{"id":479,"href":"https:\/\/BockAufFotos.de\/index.php?rest_route=\/wp\/v2\/pages\/475\/revisions\/479"}],"up":[{"embeddable":true,"href":"https:\/\/BockAufFotos.de\/index.php?rest_route=\/wp\/v2\/pages\/94"}],"wp:featuredmedia":[{"embeddable":true,"href":"https:\/\/BockAufFotos.de\/index.php?rest_route=\/wp\/v2\/media\/214"}],"wp:attachment":[{"href":"https:\/\/BockAufFotos.de\/index.php?rest_route=%2Fwp%2Fv2%2Fmedia&parent=475"}],"curies":[{"name":"wp","href":"https:\/\/api.w.org\/{rel}","templated":true}]}}